 by x?
1
Let b(d) = d**2 + 3*d + 1. What is the remainder when 8 is divided by b(-4)?
3
Let h = -7 - 13. Calculate the remainder when 38 is divided by (-268)/h + (-4)/10.
12
Suppose 0 = -x - 0*x. Suppose -2*q + 4*y + 96 = x, 4*q = 6*q + 2*y - 126. Calculate the remainder when q is divided by 15.
13
Let p be (55/20)/((-1)/(-8)). What is the remainder when 78 is divided by p - (-5)/(15/(-6))?
18
Let v be (-2)/4 + (-27)/(-6). Let j(d) = d**2 + 5*d - 5. Calculate the remainder when j(v) is divided by 17.
14
Let w be 1/(-2*(-1)/(-4)). Suppose 0 = 3*o - 43 - 11. Calculate the remainder when ((-28)/8)/(w/20) is divided by o.
17
Suppose -5*t + 2*y + 40 = 0, 15 = -5*t - y + 55. Calculate the remainder when 15 is divided by t.
7
What is the remainder when 141 is divided by 4 - (-4 - -2)*6?
13
What is the remainder when 15 is divided by ((-6)/10)/((-2)/20)?
3
Suppose 2 = 2*i - 5*b + 10, 3*i = -3*b + 30. Let j be ((-9)/(-3))/(i/(-8)). What is the remainder when -3 - j/2 - -37 is divided by 19?
17
Suppose 27 = h + 11. What is the remainder when 30 is divided by h?
14
Let n(k) be the third derivative of -23/24*k**4 + 3*k**2 + 0 - 1/2*k**3 + 0*k. Calculate the remainder when n(-2) is divided by 15.
13
Let v = -2 - -7. Calculate the remainder when 6 is divided by v.
1
Suppose -4 = -5*t + t, -4*z = 2*t - 2. Suppose n + 0*x + 2*x - 21 = 0, 5*x - 20 = z. What is the remainder when 23 is divided by n?
10
Let l = 19 + 12. What is the remainder when l is divided by 8?
7
Suppose v - 2*c - 13 = 0, 0*v + 2*v - 17 = c. Let f = 9 - v. Suppose -199 = -4*a - 3*l, a + a + f*l = 102. What is the remainder when a is divided by 12?
10
Suppose -1 - 19 = -4*n. Suppose 4*s + 16 = 0, -n*r + s - 2*s + 31 = 0. What is the remainder when r is divided by 4?
3
Suppose 2*x - 6*x = -36. Suppose -2*m + m - x = 0. Let i = m - -16. What is the remainder when i is divided by 3?
1
Suppose 0*m - m = -3. Suppose 2*q = 6*q - 8. Suppose m*b - 33 = -3*h + 6*b, q*b = -2*h + 26. Calculate the remainder when 35 is divided by h.
11
What is the remainder when (-2)/(1/((-61)/2)) is divided by (-1)/(-2)*252/6?
19
Suppose 0 = 4*s - c + 2*c - 52, -3*s + 28 = -2*c. What is the remainder when 44 is divided by s?
8
Let x be (2/2)/1*-1. Suppose 5*d + 64 = 4*j + 12, 5*j = 3*d + 65. Calculate the remainder when 34 + (-3 - -7) + x is divided by j.
11
Let u(a) = 16*a**2 + 2*a. Let q(b) = b + 1. Let t be q(-3). What is the remainder when u(t) is divided by 21?
18
Let c be (4/(-3))/((-3)/9). Suppose 2*p + c*q = 12, -p + 5*q - 3 = -2. What is the remainder when 10 is divided by p?
2
Let r = 59 + 3. What is the remainder when r is divided by 32?
30
Let r(i) = i**3 - 2*i. Let b be r(2). Suppose -10 - 42 = -b*y. Calculate the remainder when 37 is divided by y.
11
Suppose 4*y - 70 = -10. Suppose 3*g - 5*x = 166, 4*g - 12*x = -10*x + 226. Calculate the remainder when g is divided by y.
12
Let b = 1 + 4. Suppose 0 = -b*z - 121 + 6. What is the remainder when 19 is divided by (2 + z)*(-3)/9?
5
Let j = 6 + -3. Let k be (2/j)/((-5)/(-60)). Suppose -20 + k = 4*z, 2*z + 81 = 5*w. What is the remainder when 58 is divided by w?
13
Let b = -6 - -6. Suppose -2*y - 4*n + 14 = b, 0*y + 2*n = -5*y + 19. What is the remainder when 7 is divided by y?
1
Suppose 5*w + z - 155 = 0, -w = 3*w - 3*z - 143. Let m = -24 + 57. Suppose -m = -3*s - 0*s. Calculate the remainder when w is divided by s.
10
Suppose -3*i = 5*o - 145, -114 - 83 = -4*i - 3*o. Calculate the remainder when i is divided by 13.
11
Let j be (-2)/(-3) + 32/(-3). Calculate the remainder when 17 is divided by 1/(-2)*j*1.
2
Let r(m) = 46*m**2 - m - 1. Suppose 0 = -3*t - y - 6, -2*t + 3 = 3*y + 14. Calculate the remainder when r(t) is divided by 16.
14
Suppose p = -0*p + 7. Let d(o) = -19*o**3 - o. What is the remainder when d(-1) is divided by p?
6
Suppose 3*z = -6*z + 855. What is the remainder when z is divided by 24?
23
Suppose 2*g = -g + 39. Calculate the remainder when (-3 - -2)*-2 + 23 is divided by g.
12
Suppose 455 = 5*g - 2*f, -4*f = 2*g - 93 - 113. Calculate the remainder when g is divided by 24.
21
Suppose 3*x = x + 8. Suppose -r = -3 - x. Calculate the remainder when 13 is divided by r.
6
Suppose 0*r = 3*r - 141. Calculate the remainder when r is divided by 13.
8
Suppose 3*l = l + 40. Calculate the remainder when 5 is divided by 36/l - 2/(-10).
1
Suppose -3*b - 100 = -8*b - 3*c, c = -5*b + 110. Calculate the remainder when b is divided by ((-6)/(-5))/((-13)/(-130)).
11
Calculate the remainder when 72 is divided by (450/27)/((-6)/(-9)).
22
Suppose 0*s - 4*s + 4 = -2*k, 0 = -4*k + 8. Suppose 0 = -2*i - 4*d - 16, -3*i - s*i + 5*d = 10. What is the remainder when 41 is divided by (-600)/(-56) - i/14?
8
Let w = -31 + 47. Suppose -71 = -2*k - 13. Calculate the remainder when k is divided by w.
13
Let q = 7 + -2. Let u = 10 - q. Calculate the remainder when u is divided by 2.
1
Let n = 73 - 31. Let p = n + -30. Calculate the remainder when -1*2 - 0 - -25 is divided by p.
11
Suppose 3*m + 2*m = 0. Suppose m = -8*c + 5*c + 27. What is the remainder when 35 is divided by c?
8
Let h(x) = 2*x**2 + 4*x - 2. Let w be h(3). Suppose w = 4*b - 24. What is the remainder when 24 is divided by b?
11
Let u(h) = -h**3 - h**2 + 5*h + 4. Suppose -31 = -5*z + 24. What is the remainder when z is divided by u(-3)?
4
Let t(s) = s**2 - 9*s + 6. Suppose -2*y + 155 - 55 = 0. Suppose 3*o = -p + 6*p - y, -2*o + 20 = 2*p. What is the remainder when p is divided by t(9)?
4
Let b = 18 - 9. Let z(p) = 15*p. What is the remainder when z(1) is divided by (b - 2)*6/7?
3
Suppose 0 = -u - 3*u - 2*i + 16, 4*u = 5*i + 30. Suppose -3*z + m + 6 = z, u*z - 3*m = 4. Calculate the remainder when 4 is divided by z.
0
Suppose -3*j = -0*j. What is the remainder when 39 is divided by (-3 - j)*-7*1?
18
Let j(b) be the second derivative of -b**5/20 + b**4/4 + b**3/2 + b. Let i = 62 + -46. What is the remainder when i is divided by j(3)?
7
Let w = -2 + 6. Suppose -4 = 3*c + w*z + 4, -z = 2*c + 2. Suppose 3*f - 9 - 51 = c. Calculate the remainder when f is divided by 7.
6
Suppose 5 = 4*s - 11. Suppose s*o - o = 2*w + 20, o - 23 = 3*w. Let x = 15 + w. Calculate the remainder when x is divided by 3.
2
Suppose l = 2*o - 10, l = -4*l - 10. Suppose o*y - 2*u = 8*y - 6, -23 = -2*y + 3*u. Suppose -y*f = f - 185. What is the remainder when f is divided by 13?
11
Let t(u) = 2*u + 6. Suppose -5 = -5*l + 20. What is the remainder when t(l) is divided by 6?
4
Suppose -3*h + 21 = -0*h. Calculate the remainder when 32 is divided by h.
4
Let b(c) = c**2 + 6*c. Calculate the remainder when 29 is divided by b(-8).
13
Let a(w) = -w**3 - 2*w**2 + w + 1. Let h be a(-3). Suppose 3*c = -4*x + 5*x - 7, 3*x - 3*c = -9. Let n = h - x. What is the remainder when 28 is divided by n?
13
Let d(j) = j**2 + 7*j + 1. Let q be d(-8). Let m be (-30)/q*(-84)/10. Suppose -4*z + m - 4 = 0. What is the remainder when 17 is divided by z?
5
Let m = 256 + -359. Let r = -68 - m. Suppose -4*p = -145 - r. What is the remainder when p is divided by 16?
13
Suppose m = 5*p - 7, -3*p = -m + 5*m - 87. Suppose -77 - 3 = -4*r. Calculate the remainder when 22 is divided by r/(-6)*m/(-5).
10
Let k be 8/16 + 37/2. Let z = k - 12. Calculate the remainder when z is divided by 5.
2
Suppose -z = -3*z + 5*q + 433, -5*q = -4*z + 841. Calculate the remainder when z is divided by 41.
40
Suppose 0 = 3*p - 4*y - 6, y - 6*y = 0. Suppose 5*u - 2 = w + u, -2*u = -p*w - 4. Calculate the remainder when ((-1)/1*106)/w is divided by 14.
11
Suppose 5*x - 9 = 1. Suppose 0 = x*j - 4*j. Suppose -3*y + j*y = -6. Calculate the remainder when 5 is divided by y.
1
Suppose 109 = 6*t - 281. What is the remainder when t is divided by 23?
19
Let i(y) = 86*y**2 + 2*y + 1. Let v = -3 + 2. What is the remainder when i(v) is divided by 22?
19
Suppose 18 + 24 = 3*i. Suppose 2*s - 35 = -d, 0 = 4*s - 6 - i. Calculate the remainder when d is divided by 9.
7
Suppose 0*t - t = -7. Suppose -2*h = 3*z - 53, 5*h - 2*h - 13 = -z. What is the remainder when z is divided by t?
5
Let l = 46 + -35. What is the remainder when 21 is divided by l?
10
Let i(j) be the first derivative of -j**4/4 + 5*j**3/3 - 3*j**2/2 - 2*j + 1. What is the remainder when 12 is divided by i(3)?
5
Suppose -13*f = -664 - 155. Calculate the r